True
Is 790 a factor of 794258100?
True
Is 1668118257 a multiple of 6?
False
Does 392 divide 60077136?
True
Is 305645383 even?
False
Is 155 a factor of 1258921935?
True
Is 111 a factor of 13630800?
True
Is 151 a factor of 525566976?
True
Is 21 a factor of 492674427?
True
Does 2238 divide 40850214?
True
Is 71341647 a multiple of 3248?
False
Is 18 a factor of 167521662?
True
Is 676 a factor of 40190228?
True
Is 151177267 a multiple of 275?
False
Is 63 a factor of 678914832?
False
Is 357360000 a multiple of 120?
True
Does 1551 divide 640846833?
True
Does 22 divide 1613700?
True
Is 2789 a factor of 633253606?
True
Is 14 a factor of 20078380?
True
Does 8787 divide 2668831575?
True
Is 3351594960 a multiple of 10440?
True
Is 120923596 a multiple of 2970?
False
Is 2674 a factor of 220016260?
False
Is 609 a factor of 462458094?
False
Is 487 a factor of 23242900?
False
Is 105073910 a multiple of 2128?
False
Is 1127 a factor of 1301272053?
False
Is 1022771632 a multiple of 7892?
True
Does 57 divide 41956022?
False
Does 130 divide 148340140?
True
Does 762 divide 95893083?
False
Is 6503924 a multiple of 236?
True
Is 362 a factor of 30461938?
True
Is 11 a factor of 37078778?
True
Is 53503602 a multiple of 593?
False
Is 92 a factor of 19864691?
False
Is 303968 a multiple of 2?
True
Does 44 divide 66295988?
True
Is 80 a factor of 3078240?
True
Is 3593 a factor of 370592593?
False
Is 1380509565 a multiple of 391?
True
Is 13 a factor of 195709889?
False
Is 1244704923 a multiple of 21?
True
Is 3468227 a multiple of 77?
False
Does 150 divide 31926608?
False
Is 119788578 a multiple of 2457?
True
Does 1060 divide 117529620?
True
Does 79 divide 705564168?
True
Is 182752845 a multiple of 11?
True
Is 54 a factor of 96119824?
False
Is 1241196506 a multiple of 97?
False
Is 564 a factor of 206793420?
True
Does 140 divide 17188311?
False
Is 520542989 a multiple of 6?
False
Is 7 a factor of 2357271?
True
Is 2 a factor of 8604984?
True
Is 301943724 a multiple of 2481?
False
Is 24012992 a multiple of 17?
False
Is 413198583 a multiple of 749?
True
Is 4 a factor of 39922172?
True
Is 3357969 a multiple of 191?
False
Is 32805843 a multiple of 147?
True
Is 223 a factor of 19052921?
False
Is 576237862 a multiple of 127?
True
Does 247 divide 8751951?
True
Is 75071603 a multiple of 718?
False
Is 6 a factor of 5001522?
True
Does 4816 divide 958427344?
True
Is 478 a factor of 220463244?
False
Is 194484986 even?
True
Is 12 a factor of 181611228?
True
Is 2915578245 a multiple of 10?
False
Does 97 divide 7858400?
False
Is 14 a factor of 1433309056?
False
Is 52 a factor of 72193839?
False
Does 25 divide 738883267?
False
Does 350 divide 617243758?
False
Is 46177131 a multiple of 28?
False
Is 23525229 a multiple of 119?
True
Does 108 divide 11419667?
False
Does 29 divide 28597276?
False
Is 27674380 a multiple of 877?
False
Does 154 divide 2869482?
True
Is 455 a factor of 20666274?
False
Is 224371056 a multiple of 4547?
False
Is 1193955812 a multiple of 721?
True
Does 2353 divide 12541780?
False
Is 20 a factor of 121971400?
True
Is 28022160 a multiple of 240?
True
Does 266 divide 1079632961?
False
Is 18 a factor of 134881182?
True
Is 228 a factor of 71014248?
True
Is 745 a factor of 347776430?
True
Is 236474858 a multiple of 2216?
False
Is 138287958 a multiple of 1142?
False
Is 100788161 a multiple of 396?
False
Does 26 divide 278166278?
True
Is 461382831 a multiple of 74?
False
Is 530 a factor of 1413501758?
False
Is 4079 a factor of 417766335?
False
Is 209903835 a multiple of 12?
False
Does 1044 divide 4056984?
True
Is 1726 a factor of 5033016?
True
Does 4376 divide 1399115171?
False
Is 156 a factor of 1044849278?
False
Is 207 a factor of 211229010?
True
Is 48 a factor of 41527152?
True
Is 5 a factor of 28375920?
True
Is 55 a factor of 8536805?
False
Is 76 a factor of 994973560?
False
Is 65 a factor of 1083213950?
True
Does 44 divide 15781876?
True
Is 174609760 a multiple of 2032?
True
Does 10 divide 704642979?
False
Is 5 a factor of 95937346?
False
Is 29557531 a multiple of 133?
False
Does 94 divide 156740018?
True
Is 22 a factor of 2580112392?
True
Is 21 a factor of 125435858?
False
Is 535099213 a multiple of 2462?
False
Does 70 divide 330526081?
False
Is 218 a factor of 1976824?
True
Is 1175 a factor of 60834552?
False
Is 91352426 a multiple of 1682?
False
Is 4580939904 a multiple of 14528?
True
Is 5496 a factor of 2996672016?
True
Is 168 a factor of 435158976?
True
Is 422 a factor of 2132137054?
False
Does 12 divide 1178533704?
True
Does 8 divide 13629478?
False
Is 293715090 a multiple of 1780?
False
Is 66143699 a multiple of 144?
False
Does 472 divide 56568328?
False
Is 20401273 a multiple of 101?
False
Does 2027 divide 1479614731?
True
Does 296 divide 46942344?
True
Does 25 divide 3943550?
True
Does 266 divide 159929308?
True
Is 24 a factor of 231591840?
True
Does 320 divide 87302720?
True
Does 2542 divide 7679382?
True
Is 319999500 a multiple of 85?
True
Is 138124511 a multiple of 27?
False
Is 11 a factor of 3028696?
True
Does 46 divide 11248748?
True
Is 10758576 a multiple of 393?
False
Is 17 a factor of 34089182?
True
Does 3 divide 3049908?
True
Does 22 divide 17132536?
False
Is 345209637 a multiple of 70?
False
Does 40 divide 160017360?
True
Is 87355520 a multiple of 4340?
True
Is 131 a factor of 340012775?
False
Is 12 a factor of 105121920?
True
Is 897847383 a multiple of 1634?
False
Is 196 a factor of 213746820?
True
Does 400 divide 506047094?
False
Does 7 divide 549184790?
True
Does 8 divide 9286236?
False
Does 13 divide 72754203?
False
Is 225984082 a multiple of 33?
False
Is 1980 a factor of 25341282?
False
Is 775775393 a multiple of 1335?
False
Is 77637184 a multiple of 97?
False
Is 43373561 a multiple of 437?
True
Is 4 a factor of 791755344?
True
Is 92744207 a multiple of 3?
False
Is 121 a factor of 9935189?
True
Is 28 a factor of 336093493?
False
Is 171767085 a multiple of 7?
True
Is 334 a factor of 13260802?
True
Does 1700 divide 2363902700?
True
Does 459 divide 420012999?
True
Does 1862 divide 220534273?
False
Does 30 divide 1704251340?
True
Is 2502 a factor of 46627272?
True
Is 20272620 a multiple of 5?
True
Is 3568 a factor of 336200220?
False
Is 137 a factor of 11387029?
True
Is 14 a factor of 5704090?
True
Is 56 a factor of 555457056?
True
Is 253 a factor of 83567339?
False
Is 25 a factor of 1633895950?
True
Is 56182686 a multiple of 32?
False
Is 832233890 a multiple of 39?
False
Is 38 a factor of 202641802?
True
Is 57 a factor of 357381447?
False
Is 4365 a factor of 242829315?
True
Is 23027296 a multiple of 668?
True
Does 195 divide 13370175?
True
Is 1737 a factor of 779576022?
True
Is 43 a factor of 1758211778?
True
Does 208 divide 41118905?
False
Is 324 a factor of 78872673?
False
Does 692 divide 9289408?
True
Is 35486976 a multiple of 56?
True
Does 8 divide 39973502?
False
Is 38078078 a multiple of 17?
False
Is 56 a factor of 177406128?
False
Does 32 divide 1274400?
True
Is 169068978 a multiple of 117?
True
Is 51406249 a multiple of 12?
False
Is 59071647 a multiple of 578?
False
Is 2493 a factor of 192254168?
False
Is 1261575 a multiple of 2?
False
Does 1819 divide 2531318581?
True
Is 4560 a factor of 460295520?
True
Does 82 divide 489352466?
True
Is 823558220 a multiple of 158?
False
Does 9 divide 190417770?
True
Is 667600579 a multiple of 1983?
False
Does 235 divide 248442847?
False
Does 17 divide 553848843?
False
Does 2530 divide 510255460?
True
Is 2467 a factor of 189684158?
False
Does 38 divide 249619720?
True
Does 1559 divide 17368819?
True
Is 66311924 a multiple of 10?
False
Is 64874728 a multiple of 18?
False
Is 2846734470 a multiple of 2071?
True
Is 8 a factor of 33438544?
True
Is 9163476 a multiple of 9?
True
Does 690 divide 11218020?
True
Is 182039761 a multiple of 2323?
False
Does 14 divide 38746120?
True
Is 34 a factor of 501913337?
False
Is 25056270 a multiple of 15?
True
Is 1241 a factor of 14699645?
True
Does 1238 divide 127705890?
True
Is 567 a factor of 120266937?
True
Does 41 divide 23963721?
True
Does 78 divide 20929428?
True
Is 19342187 a multiple of 17?
False
Does 940 divide 35756660?
True
Is 339316367 a multiple of 9?
False
Is 3514 a factor of 166595226?
True
Is 28 a factor of 480956182?
False
Is 3 a factor of 402276351?
True
Is 4 a fa